[INFO] cloning repository https://github.com/abiriadev/binnPlz
[INFO] running `Command { std: "git" "-c" "credential.helper=" "-c" "credential.helper=/workspace/cargo-home/bin/git-credential-null" "clone" "--bare" "https://github.com/abiriadev/binnPlz" "/workspace/cache/git-repos/https%3A%2F%2Fgithub.com%2Fabiriadev%2FbinnPlz", kill_on_drop: false }`
[INFO] [stderr] Cloning into bare repository '/workspace/cache/git-repos/https%3A%2F%2Fgithub.com%2Fabiriadev%2FbinnPlz'...
[INFO] running `Command { std: "git" "rev-parse" "HEAD", kill_on_drop: false }`
[INFO] [stdout] d4d2a0309dca55f6b8dd6c72a0dbe31c7d4f78de
[INFO] checking abiriadev/binnPlz against master#e6e4f7ed1589e03bc2f6c5931c1a72e7947e8682 for beta-170-4
[INFO] running `Command { std: "git" "clone" "/workspace/cache/git-repos/https%3A%2F%2Fgithub.com%2Fabiriadev%2FbinnPlz" "/workspace/builds/worker-2-tc2/source", kill_on_drop: false }`
[INFO] [stderr] Cloning into '/workspace/builds/worker-2-tc2/source'...
[INFO] [stderr] done.
[INFO] validating manifest of git repo https://github.com/abiriadev/binnPlz on toolchain e6e4f7ed1589e03bc2f6c5931c1a72e7947e8682
[INFO] running `Command { std: CARGO_HOME="/workspace/cargo-home" RUSTUP_HOME="/workspace/rustup-home" "/workspace/cargo-home/bin/cargo" "+e6e4f7ed1589e03bc2f6c5931c1a72e7947e8682" "metadata" "--manifest-path" "Cargo.toml" "--no-deps", kill_on_drop: false }`
[INFO] started tweaking git repo https://github.com/abiriadev/binnPlz
[INFO] finished tweaking git repo https://github.com/abiriadev/binnPlz
[INFO] tweaked toml for git repo https://github.com/abiriadev/binnPlz written to /workspace/builds/worker-2-tc2/source/Cargo.toml
[INFO] crate git repo https://github.com/abiriadev/binnPlz already has a lockfile, it will not be regenerated
[INFO] running `Command { std: CARGO_HOME="/workspace/cargo-home" RUSTUP_HOME="/workspace/rustup-home" "/workspace/cargo-home/bin/cargo" "+e6e4f7ed1589e03bc2f6c5931c1a72e7947e8682" "fetch" "--manifest-path" "Cargo.toml", kill_on_drop: false }`
[INFO] running `Command { std: "docker" "create" "-v" "/var/lib/crater-agent-workspace/builds/worker-2-tc2/target:/opt/rustwide/target:rw,Z" "-v" "/var/lib/crater-agent-workspace/builds/worker-2-tc2/source:/opt/rustwide/workdir:ro,Z" "-v" "/var/lib/crater-agent-workspace/cargo-home:/opt/rustwide/cargo-home:ro,Z" "-v" "/var/lib/crater-agent-workspace/rustup-home:/opt/rustwide/rustup-home:ro,Z" "-e" "SOURCE_DIR=/opt/rustwide/workdir" "-e" "CARGO_TARGET_DIR=/opt/rustwide/target" "-e" "CARGO_HOME=/opt/rustwide/cargo-home" "-e" "RUSTUP_HOME=/opt/rustwide/rustup-home" "-w" "/opt/rustwide/workdir" "-m" "1610612736" "--user" "0:0" "--network" "none" "ghcr.io/rust-lang/crates-build-env/linux@sha256:19e73879b68f455e41552ea35293514db52ea292d993f571636dbffedb77a1ee" "/opt/rustwide/cargo-home/bin/cargo" "+e6e4f7ed1589e03bc2f6c5931c1a72e7947e8682" "metadata" "--no-deps" "--format-version=1", kill_on_drop: false }`
[INFO] [stdout] 6705508c3ed9f9d4281db33e4033622eaa90176dcd312606d01f223e85b0e414
[INFO] running `Command { std: "docker" "start" "-a" "6705508c3ed9f9d4281db33e4033622eaa90176dcd312606d01f223e85b0e414", kill_on_drop: false }`
[INFO] running `Command { std: "docker" "inspect" "6705508c3ed9f9d4281db33e4033622eaa90176dcd312606d01f223e85b0e414", kill_on_drop: false }`
[INFO] running `Command { std: "docker" "rm" "-f" "6705508c3ed9f9d4281db33e4033622eaa90176dcd312606d01f223e85b0e414", kill_on_drop: false }`
[INFO] [stdout] 6705508c3ed9f9d4281db33e4033622eaa90176dcd312606d01f223e85b0e414
[INFO] running `Command { std: "docker" "create" "-v" "/var/lib/crater-agent-workspace/builds/worker-2-tc2/target:/opt/rustwide/target:rw,Z" "-v" "/var/lib/crater-agent-workspace/builds/worker-2-tc2/source:/opt/rustwide/workdir:ro,Z" "-v" "/var/lib/crater-agent-workspace/cargo-home:/opt/rustwide/cargo-home:ro,Z" "-v" "/var/lib/crater-agent-workspace/rustup-home:/opt/rustwide/rustup-home:ro,Z" "-e" "SOURCE_DIR=/opt/rustwide/workdir" "-e" "CARGO_TARGET_DIR=/opt/rustwide/target" "-e" "CARGO_INCREMENTAL=0" "-e" "RUST_BACKTRACE=full" "-e" "RUSTFLAGS=--cap-lints=forbid" "-e" "RUSTDOCFLAGS=--cap-lints=forbid" "-e" "CARGO_HOME=/opt/rustwide/cargo-home" "-e" "RUSTUP_HOME=/opt/rustwide/rustup-home" "-w" "/opt/rustwide/workdir" "-m" "1610612736" "--user" "0:0" "--network" "none" "ghcr.io/rust-lang/crates-build-env/linux@sha256:19e73879b68f455e41552ea35293514db52ea292d993f571636dbffedb77a1ee" "/opt/rustwide/cargo-home/bin/cargo" "+e6e4f7ed1589e03bc2f6c5931c1a72e7947e8682" "check" "--frozen" "--all" "--all-targets" "--message-format=json", kill_on_drop: false }`
[INFO] [stdout] 9718498994a82c5e522927a91162596909a441a262adb4980d6a12b304ca4684
[INFO] running `Command { std: "docker" "start" "-a" "9718498994a82c5e522927a91162596909a441a262adb4980d6a12b304ca4684", kill_on_drop: false }`
[INFO] [stderr]     Checking binnPlz v0.1.0 (/opt/rustwide/workdir)
[INFO] [stdout] error: expected one of `;` or `{`, found `(`
[INFO] [stdout]  --> src/bin/some_mod/inside_mod/mod.rs:1:20
[INFO] [stdout]   |
[INFO] [stdout] 1 | mod more_deeper_mod()
[INFO] [stdout]   |                    ^ expected one of `;` or `{`
[INFO] [stdout] 
[INFO] [stdout] 
[INFO] [stdout] error: expected one of `;` or `{`, found `(`
[INFO] [stdout]  --> src/bin/some_mod/inside_mod/mod.rs:1:20
[INFO] [stdout]   |
[INFO] [stdout] 1 | mod more_deeper_mod()
[INFO] [stdout]   |                    ^ expected one of `;` or `{`
[INFO] [stdout] 
[INFO] [stdout] 
[INFO] [stdout] error[E0106]: missing lifetime specifier
[INFO] [stdout]  --> src/a.rs:1:15
[INFO] [stdout]   |
[INFO] [stdout] 1 | pub fn h() -> &str {
[INFO] [stdout]   |               ^ expected named lifetime parameter
[INFO] [stdout]   |
[INFO] [stdout]   = help: this function's return type contains a borrowed value, but there is no value for it to be borrowed from
[INFO] [stdout] help: consider using the `'static` lifetime
[INFO] [stdout]   |
[INFO] [stdout] 1 | pub fn h() -> &'static str {
[INFO] [stdout]   |                +++++++
[INFO] [stdout] 
[INFO] [stdout] 
[INFO] [stdout] error: aborting due to previous error
[INFO] [stdout] 
[INFO] [stdout] 
[INFO] [stdout] error: aborting due to previous error
[INFO] [stdout] 
[INFO] [stdout] 
[INFO] [stdout] For more information about this error, try `rustc --explain E0106`.
[INFO] [stdout] 
[INFO] [stdout] error[E0106]: missing lifetime specifier
[INFO] [stdout]  --> src/a.rs:1:15
[INFO] [stdout]   |
[INFO] [stdout] 1 | pub fn h() -> &str {
[INFO] [stdout]   |               ^ expected named lifetime parameter
[INFO] [stdout]   |
[INFO] [stdout]   = help: this function's return type contains a borrowed value, but there is no value for it to be borrowed from
[INFO] [stdout] help: consider using the `'static` lifetime
[INFO] [stdout]   |
[INFO] [stdout] 1 | pub fn h() -> &'static str {
[INFO] [stdout]   |                +++++++
[INFO] [stdout] 
[INFO] [stdout] 
[INFO] [stdout] error: aborting due to previous error
[INFO] [stdout] 
[INFO] [stdout] 
[INFO] [stderr] error: could not compile `binnPlz` (bin "pub_use") due to 2 previous errors
[INFO] [stderr] warning: build failed, waiting for other jobs to finish...
[INFO] [stderr] error: could not compile `binnPlz` (bin "h" test) due to 2 previous errors
[INFO] [stdout] error[E0614]: type `{integer}` cannot be dereferenced
[INFO] [stdout]   --> src/bin/Calc/mod.rs:25:13
[INFO] [stdout]    |
[INFO] [stdout] 25 |         a * *2
[INFO] [stdout]    |             ^^
[INFO] [stdout] 
[INFO] [stdout] 
[INFO] [stderr] error: could not compile `binnPlz` (bin "pub_use" test) due to 2 previous errors
[INFO] [stdout] error[E0601]: `main` function not found in crate `h`
[INFO] [stdout]  --> src/a.rs:3:2
[INFO] [stdout]   |
[INFO] [stdout] 3 | }
[INFO] [stdout]   |  ^ consider adding a `main` function to `src/a.rs`
[INFO] [stdout] 
[INFO] [stdout] 
[INFO] [stdout] error[E0614]: type `{integer}` cannot be dereferenced
[INFO] [stdout]   --> src/bin/Calc/mod.rs:25:13
[INFO] [stdout]    |
[INFO] [stdout] 25 |         a * *2
[INFO] [stdout]    |             ^^
[INFO] [stdout] 
[INFO] [stdout] 
[INFO] [stdout] error: aborting due to 2 previous errors
[INFO] [stdout] 
[INFO] [stdout] 
[INFO] [stdout] Some errors have detailed explanations: E0106, E0601.
[INFO] [stdout] 
[INFO] [stdout] For more information about an error, try `rustc --explain E0106`.
[INFO] [stdout] 
[INFO] [stderr] error: could not compile `binnPlz` (bin "h") due to 3 previous errors
[INFO] [stdout] error[E0432]: unresolved import `h`
[INFO] [stdout]  --> src/main.rs:7:5
[INFO] [stdout]   |
[INFO] [stdout] 7 | use h;
[INFO] [stdout]   |     ^ no external crate `h`
[INFO] [stdout] 
[INFO] [stdout] 
[INFO] [stdout] error[E0432]: unresolved import `h`
[INFO] [stdout]  --> src/main.rs:7:5
[INFO] [stdout]   |
[INFO] [stdout] 7 | use h;
[INFO] [stdout]   |     ^ no external crate `h`
[INFO] [stdout] 
[INFO] [stdout] 
[INFO] [stdout] error: aborting due to previous error
[INFO] [stdout] 
[INFO] [stdout] 
[INFO] [stdout] For more information about this error, try `rustc --explain E0614`.
[INFO] [stdout] 
[INFO] [stdout] error: aborting due to previous error
[INFO] [stdout] 
[INFO] [stdout] 
[INFO] [stdout] For more information about this error, try `rustc --explain E0614`.
[INFO] [stdout] 
[INFO] [stderr] error: could not compile `binnPlz` (bin "calc" test) due to 2 previous errors
[INFO] [stderr] error: could not compile `binnPlz` (bin "calc") due to 2 previous errors
[INFO] [stdout] warning: variant `cm` should have an upper camel case name
[INFO] [stdout]  --> src/hello/non_world/abstract/attributes.rs:8:5
[INFO] [stdout]   |
[INFO] [stdout] 8 |     cm(i32),
[INFO] [stdout]   |     ^^ help: convert the identifier to upper camel case (notice the capitalization): `Cm`
[INFO] [stdout]   |
[INFO] [stdout]   = note: `#[warn(non_camel_case_types)]` on by default
[INFO] [stdout] 
[INFO] [stdout] 
[INFO] [stdout] warning: variant `custom` should have an upper camel case name
[INFO] [stdout]   --> src/hello/non_world/abstract/attributes.rs:18:5
[INFO] [stdout]    |
[INFO] [stdout] 18 |     custom(u32, u32, u32),
[INFO] [stdout]    |     ^^^^^^ help: convert the identifier to upper camel case (notice the capitalization): `Custom`
[INFO] [stdout] 
[INFO] [stdout] 
[INFO] [stdout] warning: type `emotion` should have an upper camel case name
[INFO] [stdout]  --> src/hello/non_world/abstract/mod.rs:3:10
[INFO] [stdout]   |
[INFO] [stdout] 3 | pub enum emotion {
[INFO] [stdout]   |          ^^^^^^^ help: convert the identifier to upper camel case: `Emotion`
[INFO] [stdout] 
[INFO] [stdout] 
[INFO] [stdout] warning: variant `cm` should have an upper camel case name
[INFO] [stdout]  --> src/hello/non_world/abstract/attributes.rs:8:5
[INFO] [stdout]   |
[INFO] [stdout] 8 |     cm(i32),
[INFO] [stdout]   |     ^^ help: convert the identifier to upper camel case (notice the capitalization): `Cm`
[INFO] [stdout]   |
[INFO] [stdout]   = note: `#[warn(non_camel_case_types)]` on by default
[INFO] [stdout] 
[INFO] [stdout] 
[INFO] [stdout] warning: type `motion` should have an upper camel case name
[INFO] [stdout]   --> src/hello/non_world/abstract/mod.rs:10:10
[INFO] [stdout]    |
[INFO] [stdout] 10 | pub enum motion {
[INFO] [stdout]    |          ^^^^^^ help: convert the identifier to upper camel case: `Motion`
[INFO] [stdout] 
[INFO] [stdout] 
[INFO] [stdout] warning: variant `custom` should have an upper camel case name
[INFO] [stdout]   --> src/hello/non_world/abstract/attributes.rs:18:5
[INFO] [stdout]    |
[INFO] [stdout] 18 |     custom(u32, u32, u32),
[INFO] [stdout]    |     ^^^^^^ help: convert the identifier to upper camel case (notice the capitalization): `Custom`
[INFO] [stdout] 
[INFO] [stdout] 
[INFO] [stdout] warning: type `house` should have an upper camel case name
[INFO] [stdout]  --> src/hello/world/ground.rs:7:12
[INFO] [stdout]   |
[INFO] [stdout] 7 | pub struct house {
[INFO] [stdout]   |            ^^^^^ help: convert the identifier to upper camel case: `House`
[INFO] [stdout] 
[INFO] [stdout] 
[INFO] [stdout] warning: type `emotion` should have an upper camel case name
[INFO] [stdout]  --> src/hello/non_world/abstract/mod.rs:3:10
[INFO] [stdout]   |
[INFO] [stdout] 3 | pub enum emotion {
[INFO] [stdout]   |          ^^^^^^^ help: convert the identifier to upper camel case: `Emotion`
[INFO] [stdout] 
[INFO] [stdout] 
[INFO] [stdout] warning: type `whether` should have an upper camel case name
[INFO] [stdout]  --> src/hello/world/sky/atmosphere.rs:1:6
[INFO] [stdout]   |
[INFO] [stdout] 1 | enum whether {
[INFO] [stdout]   |      ^^^^^^^ help: convert the identifier to upper camel case (notice the capitalization): `Whether`
[INFO] [stdout] 
[INFO] [stdout] 
[INFO] [stdout] warning: type `motion` should have an upper camel case name
[INFO] [stdout]   --> src/hello/non_world/abstract/mod.rs:10:10
[INFO] [stdout]    |
[INFO] [stdout] 10 | pub enum motion {
[INFO] [stdout]    |          ^^^^^^ help: convert the identifier to upper camel case: `Motion`
[INFO] [stdout] 
[INFO] [stdout] 
[INFO] [stdout] warning: type `level` should have an upper camel case name
[INFO] [stdout]  --> src/hello/world/sky/atmosphere.rs:9:6
[INFO] [stdout]   |
[INFO] [stdout] 9 | enum level {
[INFO] [stdout]   |      ^^^^^ help: convert the identifier to upper camel case: `Level`
[INFO] [stdout] 
[INFO] [stdout] 
[INFO] [stdout] warning: type `house` should have an upper camel case name
[INFO] [stdout]  --> src/hello/world/ground.rs:7:12
[INFO] [stdout]   |
[INFO] [stdout] 7 | pub struct house {
[INFO] [stdout]   |            ^^^^^ help: convert the identifier to upper camel case: `House`
[INFO] [stdout] 
[INFO] [stdout] 
[INFO] [stdout] warning: variant `low` should have an upper camel case name
[INFO] [stdout]   --> src/hello/world/sky/atmosphere.rs:10:5
[INFO] [stdout]    |
[INFO] [stdout] 10 |     low(String),
[INFO] [stdout]    |     ^^^ help: convert the identifier to upper camel case: `Low`
[INFO] [stdout] 
[INFO] [stdout] 
[INFO] [stdout] warning: variant `high` should have an upper camel case name
[INFO] [stdout]   --> src/hello/world/sky/atmosphere.rs:11:5
[INFO] [stdout]    |
[INFO] [stdout] 11 |     high(String),
[INFO] [stdout]    |     ^^^^ help: convert the identifier to upper camel case: `High`
[INFO] [stdout] 
[INFO] [stdout] 
[INFO] [stdout] warning: type `whether` should have an upper camel case name
[INFO] [stdout]  --> src/hello/world/sky/atmosphere.rs:1:6
[INFO] [stdout]   |
[INFO] [stdout] 1 | enum whether {
[INFO] [stdout]   |      ^^^^^^^ help: convert the identifier to upper camel case (notice the capitalization): `Whether`
[INFO] [stdout] 
[INFO] [stdout] 
[INFO] [stdout] warning: type `level` should have an upper camel case name
[INFO] [stdout]  --> src/hello/world/sky/atmosphere.rs:9:6
[INFO] [stdout]   |
[INFO] [stdout] 9 | enum level {
[INFO] [stdout]   |      ^^^^^ help: convert the identifier to upper camel case: `Level`
[INFO] [stdout] 
[INFO] [stdout] 
[INFO] [stdout] warning: variant `low` should have an upper camel case name
[INFO] [stdout]   --> src/hello/world/sky/atmosphere.rs:10:5
[INFO] [stdout]    |
[INFO] [stdout] 10 |     low(String),
[INFO] [stdout]    |     ^^^ help: convert the identifier to upper camel case: `Low`
[INFO] [stdout] 
[INFO] [stdout] 
[INFO] [stdout] warning: variant `high` should have an upper camel case name
[INFO] [stdout]   --> src/hello/world/sky/atmosphere.rs:11:5
[INFO] [stdout]    |
[INFO] [stdout] 11 |     high(String),
[INFO] [stdout]    |     ^^^^ help: convert the identifier to upper camel case: `High`
[INFO] [stdout] 
[INFO] [stdout] 
[INFO] [stdout] error[E0433]: failed to resolve: use of undeclared type `Calculator`
[INFO] [stdout]  --> src/hello/non_world/math/formula/mod.rs:6:5
[INFO] [stdout]   |
[INFO] [stdout] 6 |     Calculator::add(Calculator::square(a as i32), Calculator::square(b as i32))
[INFO] [stdout]   |     ^^^^^^^^^^ use of undeclared type `Calculator`
[INFO] [stdout] 
[INFO] [stdout] 
[INFO] [stdout] error[E0433]: failed to resolve: use of undeclared type `Calculator`
[INFO] [stdout]  --> src/hello/non_world/math/formula/mod.rs:6:5
[INFO] [stdout]   |
[INFO] [stdout] 6 |     Calculator::add(Calculator::square(a as i32), Calculator::square(b as i32))
[INFO] [stdout]   |     ^^^^^^^^^^ use of undeclared type `Calculator`
[INFO] [stdout] 
[INFO] [stdout] 
[INFO] [stdout] error[E0433]: failed to resolve: use of undeclared type `Calculator`
[INFO] [stdout]  --> src/hello/non_world/math/formula/mod.rs:6:21
[INFO] [stdout]   |
[INFO] [stdout] 6 |     Calculator::add(Calculator::square(a as i32), Calculator::square(b as i32))
[INFO] [stdout]   |                     ^^^^^^^^^^ use of undeclared type `Calculator`
[INFO] [stdout] 
[INFO] [stdout] 
[INFO] [stdout] error[E0433]: failed to resolve: use of undeclared type `Calculator`
[INFO] [stdout]  --> src/hello/non_world/math/formula/mod.rs:6:21
[INFO] [stdout]   |
[INFO] [stdout] 6 |     Calculator::add(Calculator::square(a as i32), Calculator::square(b as i32))
[INFO] [stdout]   |                     ^^^^^^^^^^ use of undeclared type `Calculator`
[INFO] [stdout] 
[INFO] [stdout] 
[INFO] [stdout] error[E0433]: failed to resolve: use of undeclared type `Calculator`
[INFO] [stdout]  --> src/hello/non_world/math/formula/mod.rs:6:51
[INFO] [stdout]   |
[INFO] [stdout] 6 |     Calculator::add(Calculator::square(a as i32), Calculator::square(b as i32))
[INFO] [stdout]   |                                                   ^^^^^^^^^^ use of undeclared type `Calculator`
[INFO] [stdout] 
[INFO] [stdout] 
[INFO] [stdout] error[E0433]: failed to resolve: use of undeclared type `Calculator`
[INFO] [stdout]  --> src/hello/non_world/math/formula/mod.rs:6:51
[INFO] [stdout]   |
[INFO] [stdout] 6 |     Calculator::add(Calculator::square(a as i32), Calculator::square(b as i32))
[INFO] [stdout]   |                                                   ^^^^^^^^^^ use of undeclared type `Calculator`
[INFO] [stdout] 
[INFO] [stdout] 
[INFO] [stdout] error: aborting due to 4 previous errors; 9 warnings emitted
[INFO] [stdout] 
[INFO] [stdout] 
[INFO] [stdout] Some errors have detailed explanations: E0432, E0433.
[INFO] [stdout] 
[INFO] [stdout] For more information about an error, try `rustc --explain E0432`.
[INFO] [stdout] 
[INFO] [stdout] error: aborting due to 4 previous errors; 9 warnings emitted
[INFO] [stdout] 
[INFO] [stdout] 
[INFO] [stdout] Some errors have detailed explanations: E0432, E0433.
[INFO] [stdout] 
[INFO] [stdout] For more information about an error, try `rustc --explain E0432`.
[INFO] [stdout] 
[INFO] [stderr] error: could not compile `binnPlz` (bin "binnPlz") due to 5 previous errors; 9 warnings emitted
[INFO] [stderr] error: could not compile `binnPlz` (bin "binnPlz" test) due to 5 previous errors; 9 warnings emitted
[INFO] running `Command { std: "docker" "inspect" "9718498994a82c5e522927a91162596909a441a262adb4980d6a12b304ca4684", kill_on_drop: false }`
[INFO] running `Command { std: "docker" "rm" "-f" "9718498994a82c5e522927a91162596909a441a262adb4980d6a12b304ca4684", kill_on_drop: false }`
[INFO] [stdout] 9718498994a82c5e522927a91162596909a441a262adb4980d6a12b304ca4684
